when q is divided by y(-8)?
15
Suppose 19*m - 15*m - 108 = 0. Let s = 189 + -129. Calculate the remainder when 158/(-8)*(6 + s/(-6)) is divided by m.
25
Suppose -n + 19 = 29, n + 361 = 3*a - 90. Suppose 3*q - 79 = -t, 5*q + 66 - 175 = 4*t. Calculate the remainder when a is divided by q.
22
Let y(l) = -27*l + 9. Let o(p) = -p**2 - 2*p. Let h be o(-1). Let c(k) = k + 1. Let g(i) = h*c(i) + y(i). What is the remainder when g(-2) is divided by 13?
10
Suppose 3 = -d - 0. Let x be -310*((-18)/4 - d)/3. Suppose 0 = 6*v - v - x. Calculate the remainder when 57 is divided by v.
26
Let l(j) = -19*j + 1007. Calculate the remainder when l(-63) is divided by 105.
104
Suppose -2*h + 5*o = h - 32, -h - o + 24 = 0. Let p(m) = -31*m + 36. Let f = 424 - 423. Calculate the remainder when h is divided by p(f).
4
Suppose -5*r = 4*b - 40, -29*r + 25*r + 4*b - 4 = 0. Suppose -5*n + 2446 = 4*k, 0 = -r*n + n - 2*k + 1466. What is the remainder when n is divided by 41?
35
Suppose -5*v - 92 = -9*v - 2*u, -3*u = -12. Let o = v + 8. What is the remainder when o is divided by -1*2 - 12/(-1)?
9
Let o = 199 + -31. Suppose 6*t - o = 102. Calculate the remainder when 217 is divided by t.
37
Let a(u) = 27*u + 18. Let y be a(-4). What is the remainder when 46 is divided by 24*(y/(-12))/15?
10
Let k(r) = -r**2 - 9*r - 11. Let i be k(-2). What is the remainder when 29 is divided by (-22)/(-6)*(0 + i)?
7
Let t(k) = -2*k**2 + 26*k - 57. Let d be t(15). Let g = d - -216. Calculate the remainder when g is divided by 50.
49
Suppose 763 = 2*r + 2*v - 997, -6*r = -3*v - 5289. What is the remainder when r is divided by 91?
62
Suppose -2*p + 2*n + 65 = n, -p - n = -31. Suppose -24*g + p*g - 680 = 0. Calculate the remainder when 163 is divided by g.
78
Suppose -5*d + 4*m = -1469, -5*d - 22*m = -21*m - 1489. Suppose d + 28 = 13*k. What is the remainder when 148 is divided by k?
23
Let c(g) = -g**2 - 19*g - 70. Let x be c(-14). Suppose x = 14*p - 2887 - 809. Calculate the remainder when p is divided by 14.
12
Let d = -74 - -146. Let b be (-12 + 6)*5/(-3). Suppose -u + 5 + b = 0. Calculate the remainder when d is divided by u.
12
What is the remainder when (-4)/24 + (-20744)/240*-5 is divided by 146?
140
Suppose -5*m = 12*m - 34. Suppose -m*c = -5*q - c + 52, 2*c + 14 = q. What is the remainder when 159 is divided by q?
9
Suppose 6*w - 4 = 5*w. Suppose 3*o = w*u + 35, -4*o + 9*u - 5*u + 52 = 0. Calculate the remainder when 114 is divided by o.
12
Let q = 11 + 22. Suppose -58 = q*b - 32*b. Let l = b + 73. What is the remainder when l is divided by 8?
7
Suppose -5*m + 11*r + 112 = 19*r, 3*m + 2*r = 56. What is the remainder when 2558 is divided by m?
14
Let g(i) = i**3 - 16*i**2 - 18*i - 52. Calculate the remainder when g(18) is divided by (-4)/(-10)*(10 + 105).
42
Let k(a) = -6*a - 13. Let j be k(-2). Calculate the remainder when 54 is divided by (1 - (j + -2))*(61 - 56).
14
Suppose -276 = -3*f + 3*o, -5*f - 34*o + 490 = -29*o. Calculate the remainder when 46 is divided by 57/f - (-47)/5.
6
Let f = -15 + 45. Let q = -3044 + 3083. Let i = q - f. Calculate the remainder when 88 is divided by i.
7
Let q = -20037 - -20084. What is the remainder when 71 is divided by q?
24
Let o = -7978 + 7988. What is the remainder when 320 is divided by o?
0
Let x(i) = -187*i - 60. Suppose -36*v = 3*z - 37*v - 319, -z = -4*v - 121. What is the remainder when x(-2) is divided by z?
104
Suppose -434 + 282 = -8*k. What is the remainder when 377 is divided by k?
16
Suppose 0 = -2*n - g + 155, -2*n - 142 = -g - 311. What is the remainder when 225 is divided by n?
63
Let o = -27 + 60. Let s = o + -46. Let y(a) = -a**2 - 13*a + 11. What is the remainder when y(s) is divided by 3?
2
Let q = -209 - -506. Let w = -209 + q. Suppose c - 3*c = -w. What is the remainder when c is divided by 9?
8
What is the remainder when 1447 is divided by (6 - -1)*(76 + -67)?
61
Let n(v) = -2*v + 30. Let f be n(17). Let m be (2/(-2) - -52) + f. Suppose 117 = 4*i - m. What is the remainder when i is divided by 7?
6
Let h(b) = -6*b**2 + 48*b - 88. Let k(y) = -8*y. What is the remainder when k(-2) is divided by h(5)?
0
Suppose 0 = -411*g + 427*g - 64. What is the remainder when (209 + 9)/1 - 4/1 is divided by g?
2
Calculate the remainder when 601 is divided by -15*27/(-81) + (-630)/(-3).
171
Let s = 135 + -130. Calculate the remainder when 24/(-18)*30*25/(-20) is divided by s.
0
Let r(c) = -c**2 + 26*c - 159. Let u be r(13). Suppose -59 = -2*s - 3*y, 2*y + u = 4*y. What is the remainder when (62/(-6))/(2/(-12)) is divided by s?
18
Let o(y) = 7*y**2 - 11*y + 27. What is the remainder when 725 is divided by o(6)?
86
Suppose -6*s + g = -744, 387 = 3*s - 107*g + 104*g. What is the remainder when 703 is divided by s?
88
Suppose -613 + 509 = -8*l. Let d(y) = 11*y + 7. Let q(h) = -h**2 - h. Let k(u) = -d(u) - q(u). What is the remainder when 62 is divided by k(l)?
30
Suppose -4*c + 798 = n, -5*c + 145 = n - 854. What is the remainder when 488 is divided by c?
86
Suppose -4*v = -39*v - 11690. Let p = 435 + v. What is the remainder when 286 is divided by p?
84
Let o = -2 - -10. Let x = 46108 + -46105. Calculate the remainder when o is divided by x.
2
Suppose 34*a = 22*a + 60. Suppose 2 = m, 4*m + 340 = -a*r + 1483. What is the remainder when r is divided by 59?
50
Let q(t) = 3*t + 166. Calculate the remainder when q(-37) is divided by 25.
5
What is the remainder when 2588 is divided by (-51)/(9639/42)*-684?
4
Let s(w) = 6*w**2 - 181*w + 1208. What is the remainder when s(24) is divided by 14?
12
Let w(p) = 20*p - 57. Let g be w(3). Suppose 0 = 18*t - 17*t + 4*q - 269, -4*t + g*q + 1076 = 0. What is the remainder when t is divided by 9?
8
Let b = 5305 + -3488. What is the remainder when b is divided by 52?
49
What is the remainder when 1689 is divided by (-24)/(-42) + (-6 - (-202)/14)?
6
Suppose 17*k - 57961 + 12146 = 0. Calculate the remainder when k is divided by 12.
7
Suppose 802 = 4*c - 5*i - 193, i + 487 = 2*c. What is the remainder when c is divided by 31?
23
Suppose a = -2, -11*r - 3*a = -5*r - 78. What is the remainder when 59 is divided by r?
3
Suppose 0*d + 4*d = 12. Suppose 0 = -4*t + 2*p + 178, -3*p + 40 = t - 2*p. Calculate the remainder when t is divided by (-1 - (-3 + d)) + 24.
20
Let n(w) = w**2 + 12*w - 13. Let b be n(-13). Calculate the remainder when (69/(-3))/(2 + b + -3) is divided by 13.
10
Suppose 12565 = 57*p + 6211 - 11772. Calculate the remainder when p is divided by 309.
9
Let o(j) = 16*j**2 - 34*j - 93. Calculate the remainder when 2806 is divided by o(-2).
37
Let m = 899 + -888. Suppose -m*i + 14*i = 57. What is the remainder when 112 is divided by i?
17
Let r = -210 + 459. Suppose 329*v - 357*v = -1400. What is the remainder when r is divided by v?
49
Let b(f) = -31*f**2 + 3*f - 25. Let w be b(-3). Calculate the remainder when 104 is divided by -9*6/(-243) + w/(-9).
34
Let s(c) = -266*c - 1533. Let y = 46 + 9. What is the remainder when s(-7) is divided by y?
54
Let y(m) = -46*m**2 + 5*m - 13. Let l be y(3). Let h = -279 - l. Let f = -125 + h. What is the remainder when 69 is divided by f?
5
Suppose -7*s + 4*i = -5*s - 11824, 3*i - 5887 = -s. Calculate the remainder when s is divided by 123.
121
Suppose -86*o - 13552 - 20478 = -252*o. Calculate the remainder when 984 is divided by o.
164
Let b = -458 + 462. Suppose -b*o = -5*j + 56, 0 = 5*j - 3*j + 2*o - 8. Calculate the remainder when 22 is divided by j.
6
Let k(j) = 19*j - 57. Let c be k(10). Let d = c + -131. What is the remainder when 19 is divided by d?
1
Suppose 5*r + 20 = 0, 12*u = 9*u - 4*r + 776. Let p = 347 - u. What is the remainder when p is divided by 2?
1
Let x = 40 + -37. Let d be (-2)/6 + (-192)/(-9). Suppose -x*b = -12 - d. What is the remainder when 43 is divided by b?
10
Suppose 5*w + 69*g - 70*g - 256 = 0, 0 = -3*w - g + 160. Suppose 3*i - 7*i + n + w = 0, -n + 32 = 3*i. Calculate the remainder when 393 is divided by i.
9
Let o(v) = v**3 + 33*v**2 + 31*v - 28. Let z be o(-32). Suppose -5*k - 4*n + 459 = 0, -2*k = -z*k - 2*n + 184. What is the remainder when k is divided by 47?
44
Let j(t) = -3*t**3 + t**2 - 3*t + 1. Let v = -4 - -16. Calculate the remainder when j(-2) is divided by v.
11
What is the remainder when 114 is divided by (7/(-2))/((-4)/56)?